inder when ((-300)/125)/((-4)/n) is divided by 17.
13
Let u(r) = r + 2. Let i(z) = 9*z + 18. Let o(h) = i(h) - 6*u(h). Calculate the remainder when 79 is divided by o(7).
25
Let d(q) be the second derivative of q**3/6 - 2*q**2 - 6*q. Let w be ((-7)/2 + 0)*-2. What is the remainder when 4 is divided by d(w)?
1
Suppose 0 = 10*k + 22 - 2. Let o = 25 - k. Calculate the remainder when o is divided by 4.
3
Suppose 5*d + 7 = 22. Suppose -69 + 9 = -12*z. Suppose z*g + 445 = 5*k, 4*g - 172 = -d*k + k. What is the remainder when k is divided by 30?
28
Let t = 11 + -11. Suppose d + t = 5. Suppose -j + 26 - 9 = 0. What is the remainder when j is divided by d?
2
Let x(y) = 7*y**2 - 31*y - 10. What is the remainder when 538 is divided by x(5)?
8
Let b(h) = 39*h + 9. Calculate the remainder when b(2) is divided by 18.
15
Suppose 180*y + 198 = 186*y. Calculate the remainder when y is divided by 8.
1
Let u = -33 + -11. Let m = u + 70. Suppose 3*n + 0*i = 3*i + 39, 4*n - 61 = -5*i. What is the remainder when m is divided by n?
12
Let a = 301 + -252. What is the remainder when 440 is divided by a?
48
Suppose 0 = -55*g + 2441 - 791. Calculate the remainder when 107 is divided by g.
17
Let x = 1287 - 1267. What is the remainder when x is divided by 14?
6
Calculate the remainder when (29/(-3))/((-280)/(-96) - 3) is divided by 20.
16
Suppose m = -a + 13, 5*m - a = 4*m + 7. Let i = -6 + m. Suppose -i*b + 10 = -22. Calculate the remainder when 29 is divided by b.
5
Suppose 3*x - 19 = 2*t, 0 = x - t - 4*t - 28. Suppose 2 = -p + 2*p, -3*p = -x*u + 99. Let y(k) = -6*k + 1. Calculate the remainder when u is divided by y(-3).
16
Let i = -385 - -407. Calculate the remainder when 571 is divided by i.
21
Suppose 29*y = -3*u + 28*y + 31, 35 = 3*u + 5*y. Calculate the remainder when u is divided by 3.
1
Calculate the remainder when (-20)/45 + (-2392)/(-36) is divided by 21.
3
Let t(h) = 66*h**2 - 133*h + 1. What is the remainder when t(5) is divided by 13?
11
Let l = -63 - -74. Suppose -l*j = -15*j + 164. Calculate the remainder when j is divided by 16.
9
What is the remainder when 272 is divided by 3*(-5)/25 - (-790)/25?
24
Calculate the remainder when 187 is divided by 1000/(-30)*(-4 - (-5 + 4)).
87
Let k = -36 - -55. Suppose 32*j = -3*j + 140. Calculate the remainder when k is divided by j.
3
Let l be (6/(-8))/(1/(-4)). Suppose l*q = q + 30. Suppose -5*c - 2*j = -101, 0*c = -c - 3*j + q. Calculate the remainder when c is divided by 6.
3
Let l(t) = -14*t - 5. What is the remainder when 34 is divided by l(-1)?
7
Let q = 763 - 603. Calculate the remainder when q is divided by 64.
32
Suppose -5*c + 614 = -76. Suppose -7*n = -5*n - c. Calculate the remainder when n is divided by 5.
4
Let k = 179 - 94. Calculate the remainder when k is divided by 22.
19
Suppose 0*m = 5*k + 3*m - 24, 5*k + m - 28 = 0. Let w be 1/(-2*3/k). Let d = 21 + w. What is the remainder when d is divided by 11?
9
Let z(w) = -6*w - 2. Let u = -101 - -97. Calculate the remainder when (-17 + 0)/(1/(-5)) is divided by z(u).
19
Suppose -2*i + 1616 + 4254 = 0. What is the remainder when i is divided by 89?
87
Let g(m) = 3 - 1 - 3*m + 28*m**2 + 0. Calculate the remainder when g(1) is divided by (-3)/(-6)*(30 - 0).
12
Calculate the remainder when 740/18 + 56/63 is divided by (-132)/8*(-8)/6.
20
Suppose -5*d = -d + w - 36, 0 = 4*d + 4*w - 48. Calculate the remainder when 53 is divided by d.
5
Let f(k) = -13*k**3 + 5*k**2 - 18*k + 29. Let z(r) = -7*r**3 + 2*r**2 - 9*r + 15. Let s(n) = 6*f(n) - 11*z(n). What is the remainder when s(6) is divided by 7?
6
Let n = -23 + 40. What is the remainder when n is divided by 50/30*(-36)/(-10)?
5
Suppose 0 = 4*x + 4*h - 584 + 192, 0 = 5*x + 4*h - 486. Calculate the remainder when x is divided by 14.
10
Suppose 26*u - 23 = 29. Calculate the remainder when 2 is divided by u.
0
Let y(b) be the first derivative of b**3/3 + b**2/2 + 5*b - 3. Let f be y(0). Suppose 0*o + 300 = f*o. What is the remainder when o is divided by 21?
18
Calculate the remainder when ((-4980)/55)/(64/(-352)) is divided by 20.
18
Calculate the remainder when ((-4)/((-24)/(-258)))/((-4)/8) is divided by 18.
14
Suppose -5*t = -2*t + 12. Let z = 28 + t. Suppose 3*i + 36 = 7*i. Calculate the remainder when z is divided by i.
6
Suppose 6*d = 2*d + 12. Let f be (-105)/(-18) - ((-51)/(-18) - 3). Suppose 5*k - 5*h = f + 14, -3*h - 9 = 0. Calculate the remainder when d is divided by k.
0
Suppose 2*w + 13 = -4*v - 3*w, -4*w = -3*v + 29. Suppose 6*z - 69 + 9 = 0. Suppose y = z - v. What is the remainder when 27 is divided by y?
6
Suppose -4*o - 5*u = -291, 222 = 4*o - o + 5*u. Let k = o + -22. Calculate the remainder when k is divided by 10.
7
Calculate the remainder when 128 is divided by (1/(-4) - (-15)/20)*74.
17
Suppose 125275 = -133*r + 377842. Calculate the remainder when r is divided by 100.
99
Let v = -81 - -88. Suppose 314 - 125 = v*x. Calculate the remainder when 79 is divided by x.
25
Let q(v) = v - 11. Suppose 0 = 4*o - 8 - 24. Let i be q(o). Calculate the remainder when (i - 0 - -2) + 68 is divided by 34.
33
Let v be -9 + -4 + 6 + 3. Let x(q) = q**2 + 3*q + 4. Calculate the remainder when 37 is divided by x(v).
5
Suppose 43 + 11 = 2*a. Calculate the remainder when (-3 + 0)/((-21)/371) is divided by a.
26
Calculate the remainder when 254 is divided by 8/6*(-4386)/(-344).
16
Let v(w) = -23*w + 13. Let x be v(-3). Let n = 139 - x. Calculate the remainder when 226 is divided by n.
55
Suppose 0 = 3*f + s - 7, 0 = -2*f - 8*s + 4*s + 8. Suppose 0 = -3*i + f*i + y + 3, -3*i + 39 = 3*y. Calculate the remainder when 17 is divided by i.
1
Let y = -206 - -223. Calculate the remainder when 114 is divided by y.
12
Let v(l) be the first derivative of -l**4/4 + 26*l**3/3 + 17*l + 12. What is the remainder when 66 is divided by v(26)?
15
Let k be (-2 - -3) + -4 + -3. Calculate the remainder when 66 is divided by ((-9)/k)/(6/96).
18
Let f(z) = -17*z + 82. Calculate the remainder when f(4) is divided by (1/(-1))/(1/(-4)).
2
Let j = -21 + 118. What is the remainder when 178 is divided by j?
81
Let f(s) be the first derivative of -s**4/4 - s**3 - 3*s**2/2 + s + 14. What is the remainder when 10 is divided by f(-2)?
1
Suppose 3*z = 41 + 166. Suppose -3*l = p - 24, -3*p + 4*l + 32 = p. Calculate the remainder when z is divided by p.
9
Suppose 0 = -5*m + w + w + 15, 5*m + w = 30. Suppose -4*c + 79 = -m*i - 35, 0 = -c + i + 28. Calculate the remainder when (-7 - -9)*75/2 is divided by c.
23
Calculate the remainder when 230 is divided by (-2 - 9)/(3/(-21)).
76
Suppose 11*i - 35*i + 288 = 0. What is the remainder when 67/3 + (-4)/(-6) is divided by i?
11
Suppose 2*d + 69 = -r + 2*r, 0 = -2*r - 3*d + 117. Calculate the remainder when r is divided by 11.
8
Suppose 8*b = 1078 - 814. What is the remainder when 94 is divided by b?
28
Let q(c) = -27*c - 65. What is the remainder when q(-5) is divided by 26?
18
Let x(n) = -7*n - 14. Suppose -3*p - 9 = 0, z + 0*z = -3*p - 14. Calculate the remainder when x(z) is divided by 6.
3
Suppose 8*y = -11 + 35. Suppose 0 = -3*f - 5*a + 5, 2*f - 2*a + 6 = 4*f. Calculate the remainder when f is divided by y.
2
Suppose -3 = x + 4*b - 14, -4*x + 2*b + 8 = 0. Suppose -4*a + 273 = x*a. What is the remainder when 155 is divided by a?
38
Let x = -96 + 126. What is the remainder when 78 is divided by x?
18
Let x = 4231 + -4193. What is the remainder when (-1496)/(-10) - 2/(-5) is divided by x?
36
What is the remainder when 804 - 0 - (-133 + 131) is divided by 266?
8
Let u be 6/(-4)*2 - -3. Suppose u = 4*k - 2*k + 4*y - 52, -3*k + 2*y + 46 = 0. Calculate the remainder when k is divided by 7.
4
Suppose -z + 6*z = 65. What is the remainder when 31 is divided by 1 + 2 + (z - -2)?
13
Suppose -f = 0, -2*p = -5*f - 18 - 18. Let s(m) = 69*m - 3. Let l be s(3). Calculate the remainder when (-10)/4*l/(-10) is divided by p.
15
Suppose 0 = 3*x + 3*i + 2*i - 204, -2*x - 4*i = -134. Calculate the remainder when x is divided by 13.
8
Calculate the remainder when 58 is divided by (-5 - 4/(36/(-51)))*24.
10
Calculate the remainder when -224*(105/(-14))/15 is divided by 60.
52
Let n = -222 - -229. What is the remainder when n is divided by 1?
0
Let w = 33 - 8. Suppose -3*q + 28 = -2. Let r = w + q. Calculate the remainder when 